802 is divided by 55?
52
What is the remainder when 1920 is divided by 62?
60
What is the remainder when 43 is divided by 9?
7
Calculate the remainder when 1848 is divided by 16.
8
What is the remainder when 161 is divided by 54?
53
What is the remainder when 639 is divided by 168?
135
What is the remainder when 28 is divided by 3?
1
Calculate the remainder when 4547 is divided by 130.
127
Calculate the remainder when 349 is divided by 70.
69
Calculate the remainder when 35 is divided by 19.
16
Calculate the remainder when 2207 is divided by 65.
62
What is the remainder when 2297 is divided by 384?
377
Calculate the remainder when 142 is divided by 72.
70
What is the remainder when 163 is divided by 88?
75
What is the remainder when 87 is divided by 20?
7
Calculate the remainder when 17062 is divided by 151.
150
What is the remainder when 113 is divided by 23?
21
Calculate the remainder when 92 is divided by 8.
4
Calculate the remainder when 478 is divided by 44.
38
What is the remainder when 352 is divided by 51?
46
Calculate the remainder when 5201 is divided by 21.
14
Calculate the remainder when 1726 is divided by 8.
6
Calculate the remainder when 623 is divided by 162.
137
Calculate the remainder when 53 is divided by 3.
2
Calculate the remainder when 1585 is divided by 114.
103
Calculate the remainder when 597 is divided by 20.
17
What is the remainder when 75 is divided by 26?
23
Calculate the remainder when 299 is divided by 147.
5
Calculate the remainder when 689 is divided by 11.
7
What is the remainder when 1566 is divided by 98?
96
Calculate the remainder when 16083 is divided by 7.
4
Calculate the remainder when 666 is divided by 299.
68
What is the remainder when 630 is divided by 120?
30
What is the remainder when 453 is divided by 14?
5
Calculate the remainder when 91 is divided by 43.
5
Calculate the remainder when 13 is divided by 11.
2
What is the remainder when 416 is divided by 3?
2
What is the remainder when 141 is divided by 51?
39
What is the remainder when 1449 is divided by 86?
73
Calculate the remainder when 196 is divided by 50.
46
What is the remainder when 544 is divided by 144?
112
Calculate the remainder when 3781 is divided by 43.
40
Calculate the remainder when 53 is divided by 40.
13
What is the remainder when 288 is divided by 19?
3
What is the remainder when 1133 is divided by 14?
13
Calculate the remainder when 77 is divided by 39.
38
What is the remainder when 6582 is divided by 89?
85
Calculate the remainder when 243 is divided by 13.
9
Calculate the remainder when 358 is divided by 34.
18
What is the remainder when 51 is divided by 40?
11
What is the remainder when 1122 is divided by 544?
34
What is the remainder when 5403 is divided by 13?
8
Calculate the remainder when 7748 is divided by 114.
110
What is the remainder when 3674 is divided by 307?
297
What is the remainder when 20606 is divided by 224?
222
Calculate the remainder when 4687 is divided by 1170.
7
Calculate the remainder when 238 is divided by 30.
28
What is the remainder when 83 is divided by 29?
25
What is the remainder when 1081 is divided by 15?
1
Calculate the remainder when 404 is divided by 81.
80
Calculate the remainder when 630 is divided by 130.
110
What is the remainder when 4858 is divided by 36?
34
What is the remainder when 99 is divided by 23?
7
What is the remainder when 490 is divided by 211?
68
What is the remainder when 416 is divided by 17?
8
What is the remainder when 136 is divided by 27?
1
What is the remainder when 543 is divided by 16?
15
What is the remainder when 764 is divided by 24?
20
What is the remainder when 177 is divided by 56?
9
Calculate the remainder when 2928 is divided by 968.
24
Calculate the remainder when 32 is divided by 30.
2
What is the remainder when 1036 is divided by 315?
91
Calculate the remainder when 9923 is divided by 12.
11
What is the remainder when 386 is divided by 159?
68
What is the remainder when 958 is divided by 15?
13
What is the remainder when 80001 is divided by 17?
16
What is the remainder when 921 is divided by 28?
25
Calculate the remainder when 405 is divided by 49.
13
What is the remainder when 300 is divided by 172?
128
What is the remainder when 348 is divided by 19?
6
What is the remainder when 2449 is divided by 35?
34
What is the remainder when 1322 is divided by 328?
10
What is the remainder when 221 is divided by 72?
5
Calculate the remainder when 392 is divided by 91.
28
What is the remainder when 7187 is divided by 58?
53
Calculate the remainder when 569 is divided by 14.
9
What is the remainder when 21 is divided by 15?
6
What is the remainder when 454 is divided by 65?
64
Calculate the remainder when 640 is divided by 219.
202
Calculate the remainder when 192 is divided by 39.
36
What is the remainder when 81 is divided by 25?
6
What is the remainder when 593 is divided by 572?
21
Calculate the remainder when 917 is divided by 29.
18
Calculate the remainder when 900 is divided by 282.
54
Calculate the remainder when 476 is divided by 12.
8
What is the remainder when 9988 is divided by 18?
16
What is the remainder when 1030 is divided by 115?
110
What is the remainder when 815 is divided by 12?
11
Calculate the remainder when 573 is divided by 43.
14
What is the remainder when 304 is divided by 164?
140
What is the remainder when 116 is divided by 54?
8
What is the remainder when 79 is divided by 12?
7
Calculate the remainder when 1673 is divided by 417.
5
What is the remainder when 175 is divided by 79?
17
Calculate the remainder when 3204 is divided by 799.
8
What is the remainder when 22 is divided by 4?
2
Calculate the remainder when 422 is divided by 140.
2
Calculate the remainder when 574 is divided by 18.
16
What is the remainder when 489 is divided by 72?
57
What is the remainder when 2015 is divided by 24?
23
What is the remainder when 81 is divided by 68?
13
Calculate the remainder when 23 is divided by 8.
7
What is the remainder when 342 is divided by 331?
11
What is the remainder when 208 is divided by 38?
18
Calculate the remainder when 35 is divided by 22.
13
What is the remainder when 124 is divided by 26?
20
Calculate the remainder when 4814 is divided by 66.
62
What is the remainder when 9167 is divided by 53?
51
Calculate the remainder when 263 is divided by 33.
32
Calculate the remainder when 62 is divided by 52.
10
What is the remainder when 153 is divided by 17?
0
Calculate the remainder when 1898 is divided by 20.
18
Calculate the remainder when 631 is divided by 304.
23
Calculate the remainder when 134 is divided by 23.
19
Calculate the remainder when 1134 is divided by 93.
18
Calculate the remainder when 47 is divided by 19.
9
Calculate the remainder when 26 is divided by 4.
2
Calculate the remainder when 4989 is divided by 119.
110
What is the remainder when 846 is divided by 39?
27
Calculate the remainder when 606 is divided by 153.
147
Calculate the remainder when 2765 is divided by 92.
5
Calculate the remainder when 150 is divided by 48.
6
Calculate the remainder when 248 is divided by 25.
23
What is the remainder when 19 is divided by 14?
5
Calculate the remainder when 6709 is divided by 122.
121
What is the remainder when 215 is divided by 54?
53
What is the remainder when 4587 is divided by 28?
23
What is the remainder when 1337 is divided by 668?
1
Calculate the remainder when 186 is divided by 52.
30
Calculate the remainder when 54 is divided by 20.
14
Calculate the remainder when 902 is divided by 86.
42
What is the remainder when 140 is divided by 45?
5
What is the remainder when 50 is divided by 26?
24
What is the remainder when 1133 is divided by 191?
178
Calculate the remainder when 508 is divided by 51.
49
What is the remainder when 68 is divided by 26?
16
Calculate the remainder when 32 is divided by 28.
4
What is the remainder when 4590 is divided by 7?
5
What is the remainder when 183 is divided by 59?
6
Calculate the remainder when 1052 is divided by 62.
60
Calculate the remainder when 202 is divided by 201.
1
What is the remainder when 184 is divided by 67?
50
Calculate the remainder when 647 is divided by 127.
12
What is the remainder when 104 is divided by 14?
6
What is the remainder when 21242 is divided by 9